hen 227374 is divided by 75791.
1
What is the remainder when 2095 is divided by 1524?
571
Calculate the remainder when 2471 is divided by 324.
203
Calculate the remainder when 1868 is divided by 1678.
190
Calculate the remainder when 6441 is divided by 31.
24
What is the remainder when 66509 is divided by 267?
26
What is the remainder when 10926 is divided by 2721?
42
Calculate the remainder when 17791 is divided by 343.
298
What is the remainder when 314681 is divided by 189?
185
What is the remainder when 35731 is divided by 54?
37
Calculate the remainder when 90329 is divided by 359.
220
Calculate the remainder when 15346 is divided by 495.
1
Calculate the remainder when 15861 is divided by 3946.
77
What is the remainder when 67210 is divided by 26?
0
Calculate the remainder when 4222 is divided by 528.
526
Calculate the remainder when 7681 is divided by 143.
102
What is the remainder when 1535 is divided by 516?
503
Calculate the remainder when 44250 is divided by 17.
16
What is the remainder when 1483 is divided by 41?
7
What is the remainder when 2506869 is divided by 1608?
1605
What is the remainder when 27207 is divided by 36?
27
Calculate the remainder when 1444 is divided by 1374.
70
What is the remainder when 18976 is divided by 281?
149
Calculate the remainder when 6347 is divided by 899.
54
What is the remainder when 6261 is divided by 8?
5
What is the remainder when 11715 is divided by 51?
36
Calculate the remainder when 312694 is divided by 62527.
59
What is the remainder when 105854 is divided by 7?
0
Calculate the remainder when 52611 is divided by 111.
108
Calculate the remainder when 10164 is divided by 170.
134
Calculate the remainder when 1400 is divided by 722.
678
What is the remainder when 22453 is divided by 45?
43
What is the remainder when 8256 is divided by 92?
68
What is the remainder when 39798 is divided by 38?
12
What is the remainder when 5469119 is divided by 633?
632
What is the remainder when 253456 is divided by 24?
16
What is the remainder when 160377 is divided by 40067?
109
Calculate the remainder when 16472 is divided by 5323.
503
What is the remainder when 2503 is divided by 63?
46
Calculate the remainder when 857 is divided by 448.
409
Calculate the remainder when 519867 is divided by 25993.
7
Calculate the remainder when 3154 is divided by 158.
152
Calculate the remainder when 19563 is divided by 155.
33
What is the remainder when 7035 is divided by 3478?
79
Calculate the remainder when 49512 is divided by 49455.
57
Calculate the remainder when 4237 is divided by 134.
83
What is the remainder when 11875 is divided by 193?
102
What is the remainder when 21114 is divided by 41?
40
What is the remainder when 129978 is divided by 17?
13
What is the remainder when 92384 is divided by 4198?
28
Calculate the remainder when 845 is divided by 659.
186
What is the remainder when 3732 is divided by 226?
116
What is the remainder when 27130 is divided by 32?
26
Calculate the remainder when 73482 is divided by 73273.
209
What is the remainder when 1375 is divided by 1359?
16
What is the remainder when 4044 is divided by 1319?
87
Calculate the remainder when 35650 is divided by 24.
10
Calculate the remainder when 1851146 is divided by 254.
248
Calculate the remainder when 2279 is divided by 75.
29
What is the remainder when 69431 is divided by 95?
81
Calculate the remainder when 15479 is divided by 78.
35
What is the remainder when 55901 is divided by 4296?
53
Calculate the remainder when 236405 is divided by 123.
122
Calculate the remainder when 10617 is divided by 328.
121
What is the remainder when 31222 is divided by 112?
86
What is the remainder when 6885 is divided by 26?
21
Calculate the remainder when 5966 is divided by 1439.
210
What is the remainder when 1216 is divided by 203?
201
What is the remainder when 384056 is divided by 5?
1
Calculate the remainder when 111612 is divided by 218.
214
Calculate the remainder when 79168 is divided by 15.
13
Calculate the remainder when 109517 is divided by 370.
367
What is the remainder when 19945 is divided by 3963?
130
Calculate the remainder when 279047 is divided by 487.
483
Calculate the remainder when 15172 is divided by 572.
300
What is the remainder when 12168 is divided by 398?
228
Calculate the remainder when 23216 is divided by 232.
16
Calculate the remainder when 18574 is divided by 2651.
17
What is the remainder when 23788 is divided by 1695?
58
Calculate the remainder when 24116 is divided by 34.
10
Calculate the remainder when 121759 is divided by 24.
7
What is the remainder when 18667 is divided by 154?
33
Calculate the remainder when 306324 is divided by 22.
18
Calculate the remainder when 8724 is divided by 849.
234
Calculate the remainder when 3831 is divided by 3793.
38
What is the remainder when 2259 is divided by 347?
177
Calculate the remainder when 52800 is divided by 383.
329
What is the remainder when 37308 is divided by 12427?
27
Calculate the remainder when 430 is divided by 380.
50
Calculate the remainder when 25782 is divided by 8593.
3
What is the remainder when 10534 is divided by 404?
30
What is the remainder when 187504 is divided by 18?
16
Calculate the remainder when 100524 is divided by 29.
10
What is the remainder when 20537 is divided by 326?
325
What is the remainder when 2003555 is divided by 22017?
8
What is the remainder when 11054 is divided by 3672?
38
Calculate the remainder when 366592 is divided by 44.
28
Calculate the remainder when 2155 is divided by 799.
557
What is the remainder when 7606 is divided by 95?
6
Calculate the remainder when 3658 is divided by 23.
1
What is the remainder when 313137 is divided by 204?
201
What is the remainder when 953 is divided by 402?
149
What is the remainder when 11273 is divided by 11272?
1
What is the remainder when 1062 is divided by 240?
102
What is the remainder when 55254 is divided by 37?
13
Calculate the remainder when 24531 is divided by 1067.
1057
What is the remainder when 40067 is divided by 1252?
3
Calculate the remainder when 86625 is divided by 2886.
45
What is the remainder when 48895 is divided by 1003?
751
Calculate the remainder when 857 is divided by 119.
24
What is the remainder when 12798 is divided by 1599?
6
What is the remainder when 2451425 is divided by 812?
809
What is the remainder when 393077 is divided by 686?
685
What is the remainder when 774 is divided by 14?
4
Calculate the remainder when 27591 is divided by 146.
143
What is the remainder when 66500 is divided by 2?
0
Calculate the remainder when 1119 is divided by 779.
340
Calculate the remainder when 67174 is divided by 4798.
2
Calculate the remainder when 10115 is divided by 10088.
27
What is the remainder when 1024720 is divided by 113856?
16
What is the remainder when 1237 is divided by 575?
87
Calculate the remainder when 74208 is divided by 74191.
17
What is the remainder when 5689 is divided by 168?
145
Calculate the remainder when 7935 is divided by 283.
11
What is the remainder when 2263 is divided by 150?
13
What is the remainder when 50198 is divided by 248?
102
What is the remainder when 70214 is divided by 49?
46
What is the remainder when 731098 is divided by 352?
346
What is the remainder when 37183 is divided by 308?
223
Calculate the remainder when 1234 is divided by 59.
54
What is the remainder when 8021 is divided by 220?
101
Calculate the remainder when 29926 is divided by 1662.
10
What is the remainder when 664 is divided by 662?
2
Calculate the remainder when 278802 is divided by 38.
34
Calculate the remainder when 80385 is divided by 203.
200
What is the remainder when 371 is divided by 85?
31
Calculate the remainder when 15133 is divided by 189.
13
What is the remainder when 205195 is divided by 108?
103
What is the remainder when 43965 is divided by 14590?
195
Calculate the remainder when 2196 is divided by 557.
525
Calculate the remainder when 102968 is divided by 445.
173
What is the remainder when 976 is divided by 66?
52
Calculate the remainder when 19266 is divided by 6.
0
What is the remainder when 61731 is divided by 12346?
1
Calculate the remainder when 4127992 is divided by 598.
596
Calculate the remainder when 1136 is divided by 22.
14
Calculate the remain